{"id":89,"date":"2019-12-28T14:20:19","date_gmt":"2019-12-28T13:20:19","guid":{"rendered":"http:\/\/sanchez-david.fr\/rj131927-ovh\/?page_id=89"},"modified":"2021-12-22T14:54:07","modified_gmt":"2021-12-22T13:54:07","slug":"accueil","status":"publish","type":"page","link":"http:\/\/sanchez-david.fr\/rj131927-ovh\/","title":{"rendered":"Accueil"},"content":{"rendered":"\t\t<div data-elementor-type=\"wp-page\" data-elementor-id=\"89\" class=\"elementor elementor-89\">\n\t\t\t\t\t\t<div class=\"elementor-inner\">\n\t\t\t\t<div class=\"elementor-section-wrap\">\n\t\t\t\t\t\t\t\t\t<header class=\"elementor-section elementor-top-section elementor-element elementor-element-7b422370 elementor-section-content-middle elementor-section-boxed elementor-section-height-default elementor-section-height-default\" data-id=\"7b422370\" data-element_type=\"section\" data-settings=\"{&quot;background_background&quot;:&quot;classic&quot;}\">\n\t\t\t\t\t\t<div class=\"elementor-container elementor-column-gap-no\">\n\t\t\t\t\t\t\t<div class=\"elementor-row\">\n\t\t\t\t\t<div class=\"elementor-column elementor-col-100 elementor-top-column elementor-element elementor-element-6b63b378\" data-id=\"6b63b378\" data-element_type=\"column\">\n\t\t\t<div class=\"elementor-column-wrap elementor-element-populated\">\n\t\t\t\t\t\t\t<div class=\"elementor-widget-wrap\">\n\t\t\t\t\t\t<section class=\"elementor-section elementor-inner-section elementor-element elementor-element-688f345 elementor-section-boxed elementor-section-height-default elementor-section-height-default\" data-id=\"688f345\" data-element_type=\"section\">\n\t\t\t\t\t\t<div class=\"elementor-container elementor-column-gap-default\">\n\t\t\t\t\t\t\t<div class=\"elementor-row\">\n\t\t\t\t\t<div class=\"elementor-column elementor-col-50 elementor-inner-column elementor-element elementor-element-4e27f05\" data-id=\"4e27f05\" data-element_type=\"column\">\n\t\t\t<div class=\"elementor-column-wrap elementor-element-populated\">\n\t\t\t\t\t\t\t<div class=\"elementor-widget-wrap\">\n\t\t\t\t\t\t<div class=\"elementor-element elementor-element-3fff7e3 elementor-widget elementor-widget-image\" data-id=\"3fff7e3\" data-element_type=\"widget\" data-widget_type=\"image.default\">\n\t\t\t\t<div class=\"elementor-widget-container\">\n\t\t\t\t\t\t\t\t<div class=\"elementor-image\">\n\t\t\t\t\t\t\t\t\t\t\t\t<img width=\"640\" height=\"250\" src=\"http:\/\/sanchez-david.fr\/rj131927-ovh\/wp-content\/uploads\/2019\/12\/Curiosit\u00e9s-8.jpg\" class=\"attachment-large size-large\" alt=\"\" loading=\"lazy\" srcset=\"http:\/\/sanchez-david.fr\/rj131927-ovh\/wp-content\/uploads\/2019\/12\/Curiosit\u00e9s-8.jpg 800w, http:\/\/sanchez-david.fr\/rj131927-ovh\/wp-content\/uploads\/2019\/12\/Curiosit\u00e9s-8-300x117.jpg 300w, http:\/\/sanchez-david.fr\/rj131927-ovh\/wp-content\/uploads\/2019\/12\/Curiosit\u00e9s-8-768x300.jpg 768w\" sizes=\"(max-width: 640px) 100vw, 640px\" \/>\t\t\t\t\t\t\t\t\t\t\t\t\t\t<\/div>\n\t\t\t\t\t\t<\/div>\n\t\t\t\t<\/div>\n\t\t\t\t\t\t<\/div>\n\t\t\t\t\t<\/div>\n\t\t<\/div>\n\t\t\t\t<div class=\"elementor-column elementor-col-50 elementor-inner-column elementor-element elementor-element-083df0b\" data-id=\"083df0b\" data-element_type=\"column\">\n\t\t\t<div class=\"elementor-column-wrap elementor-element-populated\">\n\t\t\t\t\t\t\t<div class=\"elementor-widget-wrap\">\n\t\t\t\t\t\t<div class=\"elementor-element elementor-element-45bc935 elementor-invisible elementor-widget elementor-widget-image\" data-id=\"45bc935\" data-element_type=\"widget\" data-settings=\"{&quot;_animation&quot;:&quot;zoomInDown&quot;}\" data-widget_type=\"image.default\">\n\t\t\t\t<div class=\"elementor-widget-container\">\n\t\t\t\t\t\t\t\t<div class=\"elementor-image\">\n\t\t\t\t\t\t\t\t\t\t\t\t<img width=\"150\" height=\"150\" src=\"http:\/\/sanchez-david.fr\/rj131927-ovh\/wp-content\/uploads\/2019\/12\/LogoSiteGrand-150x150.jpg\" class=\"attachment-thumbnail size-thumbnail\" alt=\"\" loading=\"lazy\" srcset=\"http:\/\/sanchez-david.fr\/rj131927-ovh\/wp-content\/uploads\/2019\/12\/LogoSiteGrand-150x150.jpg 150w, http:\/\/sanchez-david.fr\/rj131927-ovh\/wp-content\/uploads\/2019\/12\/LogoSiteGrand-300x300.jpg 300w, http:\/\/sanchez-david.fr\/rj131927-ovh\/wp-content\/uploads\/2019\/12\/LogoSiteGrand-1024x1024.jpg 1024w, http:\/\/sanchez-david.fr\/rj131927-ovh\/wp-content\/uploads\/2019\/12\/LogoSiteGrand-768x768.jpg 768w, http:\/\/sanchez-david.fr\/rj131927-ovh\/wp-content\/uploads\/2019\/12\/LogoSiteGrand.jpg 1440w\" sizes=\"(max-width: 150px) 100vw, 150px\" \/>\t\t\t\t\t\t\t\t\t\t\t\t\t\t<\/div>\n\t\t\t\t\t\t<\/div>\n\t\t\t\t<\/div>\n\t\t\t\t\t\t<\/div>\n\t\t\t\t\t<\/div>\n\t\t<\/div>\n\t\t\t\t\t\t\t\t<\/div>\n\t\t\t\t\t<\/div>\n\t\t<\/section>\n\t\t\t\t<section class=\"elementor-section elementor-inner-section elementor-element elementor-element-d1becf0 elementor-section-boxed elementor-section-height-default elementor-section-height-default\" data-id=\"d1becf0\" data-element_type=\"section\">\n\t\t\t\t\t\t<div class=\"elementor-container elementor-column-gap-default\">\n\t\t\t\t\t\t\t<div class=\"elementor-row\">\n\t\t\t\t\t<div class=\"elementor-column elementor-col-100 elementor-inner-column elementor-element elementor-element-a4839d6\" data-id=\"a4839d6\" data-element_type=\"column\">\n\t\t\t<div class=\"elementor-column-wrap elementor-element-populated\">\n\t\t\t\t\t\t\t<div class=\"elementor-widget-wrap\">\n\t\t\t\t\t\t<div class=\"elementor-element elementor-element-4b2dfa8 elementor-view-default elementor-widget elementor-widget-icon\" data-id=\"4b2dfa8\" data-element_type=\"widget\" data-widget_type=\"icon.default\">\n\t\t\t\t<div class=\"elementor-widget-container\">\n\t\t\t\t\t<div class=\"elementor-icon-wrapper\">\n\t\t\t<a class=\"elementor-icon elementor-animation-pulse-grow\" href=\"https:\/\/www.instagram.com\/david_sanchez_photos\/\" target=\"_blank\">\n\t\t\t<i aria-hidden=\"true\" class=\"fab fa-instagram\"><\/i>\t\t\t<\/a>\n\t\t<\/div>\n\t\t\t\t<\/div>\n\t\t\t\t<\/div>\n\t\t\t\t\t\t<\/div>\n\t\t\t\t\t<\/div>\n\t\t<\/div>\n\t\t\t\t\t\t\t\t<\/div>\n\t\t\t\t\t<\/div>\n\t\t<\/section>\n\t\t\t\t<div class=\"elementor-element elementor-element-8c7a52b elementor-widget elementor-widget-text-editor\" data-id=\"8c7a52b\" data-element_type=\"widget\" data-widget_type=\"text-editor.default\">\n\t\t\t\t<div class=\"elementor-widget-container\">\n\t\t\t\t\t\t\t\t<div class=\"elementor-text-editor elementor-clearfix\">\n\t\t\t\t<p style=\"text-align: center;\">BIENVENUE<\/p><p style=\"text-align: center;\">welcome &#8211; bienvenido &#8211; willkommen &#8211; benvenuto &#8211; benvingut &#8211; bonvena &#8211; bem-vindo &#8211; \u6b53\u8fce- \u6b61\u8fce &#8211; \u092e\u0947\u0902 \u0906\u092a\u0915\u093e \u0938\u094d\u0935\u093e\u0917\u0924 \u0939\u0948 &#8211; \u0434\u043e\u0431\u0440\u043e \u043f\u043e\u0436\u0430\u043b\u043e\u0432\u0430\u0442\u044c &#8211; \u05e7\u05d1\u05dc\u05ea \u05e4\u05df &#8211; \u062a\u0631\u062d\u064a\u0628&#8230;<\/p>\t\t\t\t\t<\/div>\n\t\t\t\t\t\t<\/div>\n\t\t\t\t<\/div>\n\t\t\t\t<div class=\"elementor-element elementor-element-6eebedfe elementor-widget elementor-widget-heading\" data-id=\"6eebedfe\" data-element_type=\"widget\" data-widget_type=\"heading.default\">\n\t\t\t\t<div class=\"elementor-widget-container\">\n\t\t\t<h4 class=\"elementor-heading-title elementor-size-default\">Galeries<\/h4>\t\t<\/div>\n\t\t\t\t<\/div>\n\t\t\t\t<div class=\"elementor-element elementor-element-590c53f3 elementor-widget elementor-widget-heading\" data-id=\"590c53f3\" data-element_type=\"widget\" data-widget_type=\"heading.default\">\n\t\t\t\t<div class=\"elementor-widget-container\">\n\t\t\t<h5 class=\"elementor-heading-title elementor-size-default\">Parcourez les diff\u00e9rentes galeries<\/h5>\t\t<\/div>\n\t\t\t\t<\/div>\n\t\t\t\t<nav class=\"elementor-section elementor-inner-section elementor-element elementor-element-1701f3e4 elementor-section-content-middle elementor-section-boxed elementor-section-height-default elementor-section-height-default\" data-id=\"1701f3e4\" data-element_type=\"section\">\n\t\t\t\t\t\t<div class=\"elementor-container elementor-column-gap-no\">\n\t\t\t\t\t\t\t<div class=\"elementor-row\">\n\t\t\t\t\t<div class=\"elementor-column elementor-col-50 elementor-inner-column elementor-element elementor-element-595f3a92\" data-id=\"595f3a92\" data-element_type=\"column\">\n\t\t\t<div class=\"elementor-column-wrap elementor-element-populated\">\n\t\t\t\t\t\t\t<div class=\"elementor-widget-wrap\">\n\t\t\t\t\t\t<div class=\"elementor-element elementor-element-3848f253 elementor-position-top elementor-vertical-align-top elementor-widget elementor-widget-image-box\" data-id=\"3848f253\" data-element_type=\"widget\" data-widget_type=\"image-box.default\">\n\t\t\t\t<div class=\"elementor-widget-container\">\n\t\t\t<div class=\"elementor-image-box-wrapper\"><figure class=\"elementor-image-box-img\"><a href=\"http:\/\/sanchez-david.fr\/rj131927-ovh\/index.php\/cuba\/\"><img width=\"640\" height=\"640\" src=\"http:\/\/sanchez-david.fr\/rj131927-ovh\/wp-content\/uploads\/2019\/12\/57060784_333750564003444_8901700753657578164_n.jpg\" class=\"attachment-full size-full\" alt=\"\" loading=\"lazy\" \/><\/a><\/figure><div class=\"elementor-image-box-content\"><h3 class=\"elementor-image-box-title\"><a href=\"http:\/\/sanchez-david.fr\/rj131927-ovh\/index.php\/cuba\/\">Cuba<\/a><\/h3><p class=\"elementor-image-box-description\">Visite de l\u2019\u00eele magique des cara\u00efbes<\/p><\/div><\/div>\t\t<\/div>\n\t\t\t\t<\/div>\n\t\t\t\t\t\t<\/div>\n\t\t\t\t\t<\/div>\n\t\t<\/div>\n\t\t\t\t<div class=\"elementor-column elementor-col-50 elementor-inner-column elementor-element elementor-element-3930057f\" data-id=\"3930057f\" data-element_type=\"column\">\n\t\t\t<div class=\"elementor-column-wrap elementor-element-populated\">\n\t\t\t\t\t\t\t<div class=\"elementor-widget-wrap\">\n\t\t\t\t\t\t<div class=\"elementor-element elementor-element-594828a5 elementor-position-top elementor-vertical-align-top elementor-widget elementor-widget-image-box\" data-id=\"594828a5\" data-element_type=\"widget\" data-widget_type=\"image-box.default\">\n\t\t\t\t<div class=\"elementor-widget-container\">\n\t\t\t<div class=\"elementor-image-box-wrapper\"><figure class=\"elementor-image-box-img\"><img width=\"640\" height=\"640\" src=\"http:\/\/sanchez-david.fr\/rj131927-ovh\/wp-content\/uploads\/2019\/12\/41502220_174113876821860_3026497246466282177_n.jpg\" class=\"attachment-full size-full\" alt=\"\" loading=\"lazy\" \/><\/figure><div class=\"elementor-image-box-content\"><h3 class=\"elementor-image-box-title\">Curiosit\u00e9s Urbaines<\/h3><p class=\"elementor-image-box-description\">La ville est riche de curiosit\u00e9s urbaines !<\/p><\/div><\/div>\t\t<\/div>\n\t\t\t\t<\/div>\n\t\t\t\t\t\t<\/div>\n\t\t\t\t\t<\/div>\n\t\t<\/div>\n\t\t\t\t\t\t\t\t<\/div>\n\t\t\t\t\t<\/div>\n\t\t<\/nav>\n\t\t\t\t<nav class=\"elementor-section elementor-inner-section elementor-element elementor-element-7c206ce2 elementor-section-content-middle elementor-section-boxed elementor-section-height-default elementor-section-height-default\" data-id=\"7c206ce2\" data-element_type=\"section\">\n\t\t\t\t\t\t<div class=\"elementor-container elementor-column-gap-no\">\n\t\t\t\t\t\t\t<div class=\"elementor-row\">\n\t\t\t\t\t<div class=\"elementor-column elementor-col-50 elementor-inner-column elementor-element elementor-element-33c90a9c\" data-id=\"33c90a9c\" data-element_type=\"column\">\n\t\t\t<div class=\"elementor-column-wrap elementor-element-populated\">\n\t\t\t\t\t\t\t<div class=\"elementor-widget-wrap\">\n\t\t\t\t\t\t<div class=\"elementor-element elementor-element-73dbb68c elementor-position-top elementor-vertical-align-top elementor-widget elementor-widget-image-box\" data-id=\"73dbb68c\" data-element_type=\"widget\" data-widget_type=\"image-box.default\">\n\t\t\t\t<div class=\"elementor-widget-container\">\n\t\t\t<div class=\"elementor-image-box-wrapper\"><figure class=\"elementor-image-box-img\"><img width=\"490\" height=\"380\" src=\"http:\/\/sanchez-david.fr\/rj131927-ovh\/wp-content\/uploads\/2019\/12\/qw3.jpg\" class=\"attachment-full size-full\" alt=\"\" loading=\"lazy\" \/><\/figure><div class=\"elementor-image-box-content\"><h3 class=\"elementor-image-box-title\">Wild rose<\/h3><p class=\"elementor-image-box-description\">botanical photography<\/p><\/div><\/div>\t\t<\/div>\n\t\t\t\t<\/div>\n\t\t\t\t\t\t<\/div>\n\t\t\t\t\t<\/div>\n\t\t<\/div>\n\t\t\t\t<div class=\"elementor-column elementor-col-50 elementor-inner-column elementor-element elementor-element-7dcc9d3f\" data-id=\"7dcc9d3f\" data-element_type=\"column\">\n\t\t\t<div class=\"elementor-column-wrap elementor-element-populated\">\n\t\t\t\t\t\t\t<div class=\"elementor-widget-wrap\">\n\t\t\t\t\t\t<div class=\"elementor-element elementor-element-35f0192d elementor-position-top elementor-vertical-align-top elementor-widget elementor-widget-image-box\" data-id=\"35f0192d\" data-element_type=\"widget\" data-widget_type=\"image-box.default\">\n\t\t\t\t<div class=\"elementor-widget-container\">\n\t\t\t<div class=\"elementor-image-box-wrapper\"><figure class=\"elementor-image-box-img\"><img width=\"490\" height=\"380\" src=\"http:\/\/sanchez-david.fr\/rj131927-ovh\/wp-content\/uploads\/2019\/12\/qw4.jpg\" class=\"attachment-full size-full\" alt=\"\" loading=\"lazy\" \/><\/figure><div class=\"elementor-image-box-content\"><h3 class=\"elementor-image-box-title\">Mayo building<\/h3><p class=\"elementor-image-box-description\">architecture photography<\/p><\/div><\/div>\t\t<\/div>\n\t\t\t\t<\/div>\n\t\t\t\t\t\t<\/div>\n\t\t\t\t\t<\/div>\n\t\t<\/div>\n\t\t\t\t\t\t\t\t<\/div>\n\t\t\t\t\t<\/div>\n\t\t<\/nav>\n\t\t\t\t\t\t<\/div>\n\t\t\t\t\t<\/div>\n\t\t<\/div>\n\t\t\t\t\t\t\t\t<\/div>\n\t\t\t\t\t<\/div>\n\t\t<\/header>\n\t\t\t\t\t\t\t\t\t<\/div>\n\t\t\t<\/div>\n\t\t\t\t\t<\/div>\n\t\t","protected":false},"excerpt":{"rendered":"<p>BIENVENUE welcome &#8211; bienvenido &#8211; willkommen &#8211; benvenuto &#8211; benvingut &#8211; bonvena &#8211; bem-vindo &#8211; \u6b53\u8fce- \u6b61\u8fce &#8211; \u092e\u0947\u0902 \u0906\u092a\u0915\u093e \u0938\u094d\u0935\u093e\u0917\u0924 \u0939\u0948 &#8211; \u0434\u043e\u0431\u0440\u043e \u043f\u043e\u0436\u0430\u043b\u043e\u0432\u0430\u0442\u044c &#8211; \u05e7\u05d1\u05dc\u05ea \u05e4\u05df &#8211; \u062a\u0631\u062d\u064a\u0628&#8230; Galeries Parcourez les diff\u00e9rentes galeries Cuba Visite de l\u2019\u00eele magique des cara\u00efbes Curiosit\u00e9s Urbaines La ville est riche de curiosit\u00e9s urbaines ! Wild rose botanical [&hellip;]<\/p>\n","protected":false},"author":1,"featured_media":0,"parent":0,"menu_order":0,"comment_status":"closed","ping_status":"closed","template":"elementor_header_footer","meta":{"_monsterinsights_skip_tracking":false,"_monsterinsights_sitenote_active":false,"_monsterinsights_sitenote_note":"","_monsterinsights_sitenote_category":0},"_links":{"self":[{"href":"http:\/\/sanchez-david.fr\/rj131927-ovh\/wp-json\/wp\/v2\/pages\/89"}],"collection":[{"href":"http:\/\/sanchez-david.fr\/rj131927-ovh\/wp-json\/wp\/v2\/pages"}],"about":[{"href":"http:\/\/sanchez-david.fr\/rj131927-ovh\/wp-json\/wp\/v2\/types\/page"}],"author":[{"embeddable":true,"href":"http:\/\/sanchez-david.fr\/rj131927-ovh\/wp-json\/wp\/v2\/users\/1"}],"replies":[{"embeddable":true,"href":"http:\/\/sanchez-david.fr\/rj131927-ovh\/wp-json\/wp\/v2\/comments?post=89"}],"version-history":[{"count":66,"href":"http:\/\/sanchez-david.fr\/rj131927-ovh\/wp-json\/wp\/v2\/pages\/89\/revisions"}],"predecessor-version":[{"id":373,"href":"http:\/\/sanchez-david.fr\/rj131927-ovh\/wp-json\/wp\/v2\/pages\/89\/revisions\/373"}],"wp:attachment":[{"href":"http:\/\/sanchez-david.fr\/rj131927-ovh\/wp-json\/wp\/v2\/media?parent=89"}],"curies":[{"name":"wp","href":"https:\/\/api.w.org\/{rel}","templated":true}]}}